{"id":100,"date":"2013-05-27T10:27:23","date_gmt":"2013-05-27T08:27:23","guid":{"rendered":"http:\/\/hid-miskolc.hu\/?page_id=100"},"modified":"2013-05-27T10:27:23","modified_gmt":"2013-05-27T08:27:23","slug":"ifjusag-a-hidon-program","status":"publish","type":"page","link":"http:\/\/hid-miskolc.hu\/?page_id=100","title":{"rendered":"Ifj\u00fas\u00e1g a H\u00cdDon program"},"content":{"rendered":"<h2>T\u00c1MOP-5.2.5-08\/1-2008-0307)<\/h2>\n<p><b>C\u00e9l:<\/b><br \/>\n16 h\u00f3napos alatt G\u00f6nci kist\u00e9rs\u00e9gben \u00e9s Miskolcon, 100 f\u0151, 12-29 \u00e9v k\u00f6z\u00f6tti, szoci\u00e1lis, gazdas\u00e1gi, f\u00f6ldrajzi akad\u00e1lyokkal \u00e9s iskolai neh\u00e9zs\u00e9gekkel k\u00fczd\u0151 fiatal: egy\u00e9ni \u00e9s k\u00f6z\u00f6ss\u00e9gi kompetenci\u00e1inak fejleszt\u00e9se &#8211; iskol\u00e1ban tart\u00e1suk, p\u00e1lyav\u00e1laszt\u00e1suk, elhelyezked\u00e9s\u00fck, helyi t\u00e1rsadalomban val\u00f3 szerepv\u00e1llal\u00e1suk \u00e9rdek\u00e9ben &#8211; Ifj\u00fas\u00e1gi Inform\u00e1ci\u00f3s \u00e9s Tan\u00e1csad\u00f3 Iroda l\u00e9trehoz\u00e1s\u00e1val, saj\u00e1t fejleszt\u00e9s\u0171 programelemek pr\u00f3bamunka, pr\u00f3bak\u00e9pz\u00e9s, SZIA-\u00f6nseg\u00edt\u0151 klub, Ifj\u00fas\u00e1gi E-Pont m\u0171k\u00f6dtet\u00e9s\u00e9vel.<\/p>\n<p><b>Id\u0151tartam:<\/b><br \/>\n2009. m\u00e1rcius 01 \u2013 2010. j\u00fanius 30.<\/p>\n<p><b>Megval\u00f3s\u00edt\u00e1s helysz\u00edne:<\/b><br \/>\nG\u00f6nc \u00e9s Miskolc v\u00e1rosa<\/p>\n<p><b>C\u00e9lcsoport:<\/b><br \/>\nG\u00f6nci kist\u00e9rs\u00e9gben \u00e9s Miskolcon \u00e9l\u0151 12-29 \u00e9v k\u00f6z\u00f6tti, h\u00e1tr\u00e1nyos helyzet\u0171 fiatalok: akik szoci\u00e1lis, gazdas\u00e1gi, f\u00f6ldrajzi akad\u00e1lyokkal \u00e9s iskolai neh\u00e9zs\u00e9gekkel k\u00fczdenek t\u00f6bbnyire. Szolg\u00e1ltat\u00e1ssal el\u00e9rt l\u00e9tsz\u00e1m: 100 f\u0151.<\/p>\n<p><b>A projekt hum\u00e1ner\u0151forr\u00e1sa:<\/b><br \/>\nprogramvezet\u0151: Barna Ildik\u00f3<br \/>\nmentorok: Siv\u00e1k J\u00e1nosn\u00e9<br \/>\nklub vezet\u0151: Siv\u00e1k J\u00e1nos \u00e9s Mak\u00f3 Attila<br \/>\n3 f\u0151 szaktan\u00e1csad\u00f3: Kiss Attila, Kasar\u00f3czki \u00c1gnes, Dr B\u00e1thori Edina<\/p>\n<p><b>Egy\u00fcttm\u0171k\u00f6d\u0151 partnerek:<\/b><br \/>\nSzia Club, Munka\u00fcgyi Kirendelts\u00e9g G\u00f6nc<\/p>\n<p><b>Tev\u00e9kenys\u00e9gek:<\/b><br \/>\nT\u00e1j\u00e9koztat\u00e1s, az inform\u00e1ci\u00f3s \u00e9s tan\u00e1csad\u00f3i iroda m\u0171k\u00f6dtet\u00e9se Miskolcon \u00e9s G\u00f6nc\u00f6n: tan\u00e1csad\u00e1sok, inform\u00e1ci\u00f3s pont Inform\u00e1ci\u00f3inak friss\u00edt\u00e9se: friss\u00edt\u00e9se, partnerekkel val\u00f3 kapcsolat tart\u00e1s tan\u00e1csad\u00e1si szolg\u00e1ltat\u00e1s lebonyol\u00edt\u00e1sa: Jogi, di\u00e1kjogi, pszichol\u00f3giai-ment\u00e1lhigi\u00e9n\u00e9s, \u00e9letvezet\u00e9si-\u00e9letszervez\u00e9si, p\u00e1lyav\u00e1laszt\u00e1si, p\u00e1lyaorient\u00e1ci\u00f3s, munkaer\u0151-piaci tan\u00e1csad\u00e1sok szervez\u00e9se.<\/p>\n<p><b>Egy\u00e9ni \u00e9s k\u00f6z\u00f6ss\u00e9gi kompetenci\u00e1k fejleszt\u00e9s\u00e9t seg\u00edt\u0151 programok:<\/b><br \/>\n<b>\u00d6nseg\u00edt\u0151 klub:<\/b>\u00a0tematikus klub, mely p\u00e1lyav\u00e1laszt\u00e1ssal, elhelyezked\u00e9ssel \u00e9s \u00e9letkori saj\u00e1toss\u00e1gokhoz igazod\u00f3 t\u00e9m\u00e1kkal foglalkozik (pl. \u00f6nk\u00e9ntess\u00e9g stb.). Korrepet\u00e1l\u00e1s tanul\u00e1si neh\u00e9zs\u00e9gekkel k\u00fczd\u0151k sz\u00e1m\u00e1ra.<\/p>\n<p><b>Szabadid\u0151 programok szervez\u00e9se:<\/b>\u00a0a SZIA Club m\u0171k\u00f6dtet\u00e9se, sz\u00ednh\u00e1zl\u00e1togat\u00e1s, sportrendezv\u00e9nyek, filmklub, term\u00e9szetj\u00e1r\u00f3 programok<\/p>\n","protected":false},"excerpt":{"rendered":"<p>T\u00c1MOP-5.2.5-08\/1-2008-0307) C\u00e9l: 16 h\u00f3napos alatt G\u00f6nci kist\u00e9rs\u00e9gben \u00e9s Miskolcon, 100 f\u0151, 12-29 \u00e9v k\u00f6z\u00f6tti, szoci\u00e1lis, gazdas\u00e1gi, f\u00f6ldrajzi akad\u00e1lyokkal \u00e9s iskolai neh\u00e9zs\u00e9gekkel k\u00fczd\u0151 fiatal: egy\u00e9ni \u00e9s k\u00f6z\u00f6ss\u00e9gi kompetenci\u00e1inak fejleszt\u00e9se &#8211; iskol\u00e1ban tart\u00e1suk, p\u00e1lyav\u00e1laszt\u00e1suk, elhelyezked\u00e9s\u00fck, helyi t\u00e1rsadalomban val\u00f3 szerepv\u00e1llal\u00e1suk \u00e9rdek\u00e9ben &#8211; Ifj\u00fas\u00e1gi Inform\u00e1ci\u00f3s \u00e9s Tan\u00e1csad\u00f3 Iroda l\u00e9trehoz\u00e1s\u00e1val, saj\u00e1t fejleszt\u00e9s\u0171 programelemek pr\u00f3bamunka, pr\u00f3bak\u00e9pz\u00e9s, SZIA-\u00f6nseg\u00edt\u0151 klub, Ifj\u00fas\u00e1gi E-Pont m\u0171k\u00f6dtet\u00e9s\u00e9vel. [&hellip;]<\/p>\n","protected":false},"author":1,"featured_media":0,"parent":14,"menu_order":0,"comment_status":"closed","ping_status":"closed","template":"","meta":[],"_links":{"self":[{"href":"http:\/\/hid-miskolc.hu\/index.php?rest_route=\/wp\/v2\/pages\/100"}],"collection":[{"href":"http:\/\/hid-miskolc.hu\/index.php?rest_route=\/wp\/v2\/pages"}],"about":[{"href":"http:\/\/hid-miskolc.hu\/index.php?rest_route=\/wp\/v2\/types\/page"}],"author":[{"embeddable":true,"href":"http:\/\/hid-miskolc.hu\/index.php?rest_route=\/wp\/v2\/users\/1"}],"replies":[{"embeddable":true,"href":"http:\/\/hid-miskolc.hu\/index.php?rest_route=%2Fwp%2Fv2%2Fcomments&post=100"}],"version-history":[{"count":1,"href":"http:\/\/hid-miskolc.hu\/index.php?rest_route=\/wp\/v2\/pages\/100\/revisions"}],"predecessor-version":[{"id":101,"href":"http:\/\/hid-miskolc.hu\/index.php?rest_route=\/wp\/v2\/pages\/100\/revisions\/101"}],"up":[{"embeddable":true,"href":"http:\/\/hid-miskolc.hu\/index.php?rest_route=\/wp\/v2\/pages\/14"}],"wp:attachment":[{"href":"http:\/\/hid-miskolc.hu\/index.php?rest_route=%2Fwp%2Fv2%2Fmedia&parent=100"}],"curies":[{"name":"wp","href":"https:\/\/api.w.org\/{rel}","templated":true}]}}

Ifjúság a HÍDon program

<h2>TÁMOP-5.2.5-08/1-2008-0307)</h2>
<p><b>Cél:</b><br />
16 hónapos alatt Gönci kistérségben és Miskolcon, 100 fő, 12-29 év közötti, szociális, gazdasági, földrajzi akadályokkal és iskolai nehézségekkel küzdő fiatal: egyéni és közösségi kompetenciáinak fejlesztése &#8211; iskolában tartásuk, pályaválasztásuk, elhelyezkedésük, helyi társadalomban való szerepvállalásuk érdekében &#8211; Ifjúsági Információs és Tanácsadó Iroda létrehozásával, saját fejlesztésű programelemek próbamunka, próbaképzés, SZIA-önsegítő klub, Ifjúsági E-Pont működtetésével.</p>
<p><b>Időtartam:</b><br />
2009. március 01 – 2010. június 30.</p>
<p><b>Megvalósítás helyszíne:</b><br />
Gönc és Miskolc városa</p>
<p><b>Célcsoport:</b><br />
Gönci kistérségben és Miskolcon élő 12-29 év közötti, hátrányos helyzetű fiatalok: akik szociális, gazdasági, földrajzi akadályokkal és iskolai nehézségekkel küzdenek többnyire. Szolgáltatással elért létszám: 100 fő.</p>
<p><b>A projekt humánerőforrása:</b><br />
programvezető: Barna Ildikó<br />
mentorok: Sivák Jánosné<br />
klub vezető: Sivák János és Makó Attila<br />
3 fő szaktanácsadó: Kiss Attila, Kasaróczki Ágnes, Dr Báthori Edina</p>
<p><b>Együttműködő partnerek:</b><br />
Szia Club, Munkaügyi Kirendeltség Gönc</p>
<p><b>Tevékenységek:</b><br />
Tájékoztatás, az információs és tanácsadói iroda működtetése Miskolcon és Göncön: tanácsadások, információs pont Információinak frissítése: frissítése, partnerekkel való kapcsolat tartás tanácsadási szolgáltatás lebonyolítása: Jogi, diákjogi, pszichológiai-mentálhigiénés, életvezetési-életszervezési, pályaválasztási, pályaorientációs, munkaerő-piaci tanácsadások szervezése.</p>
<p><b>Egyéni és közösségi kompetenciák fejlesztését segítő programok:</b><br />
<b>Önsegítő klub:</b> tematikus klub, mely pályaválasztással, elhelyezkedéssel és életkori sajátosságokhoz igazodó témákkal foglalkozik (pl. önkéntesség stb.). Korrepetálás tanulási nehézségekkel küzdők számára.</p>
<p><b>Szabadidő programok szervezése:</b> a SZIA Club működtetése, színházlátogatás, sportrendezvények, filmklub, természetjáró programok</p>

<p>TÁMOP-5.2.5-08/1-2008-0307) Cél: 16 hónapos alatt Gönci kistérségben és Miskolcon, 100 fő, 12-29 év közötti, szociális, gazdasági, földrajzi akadályokkal és iskolai nehézségekkel küzdő fiatal: egyéni és közösségi kompetenciáinak fejlesztése &#8211; iskolában tartásuk, pályaválasztásuk, elhelyezkedésük, helyi társadalomban való szerepvállalásuk érdekében &#8211; Ifjúsági Információs és Tanácsadó Iroda létrehozásával, saját fejlesztésű programelemek próbamunka, próbaképzés, SZIA-önsegítő klub, Ifjúsági E-Pont működtetésével. [&hellip;]</p>
