{"id":22,"date":"2013-05-26T21:44:56","date_gmt":"2013-05-26T21:44:56","guid":{"rendered":"http:\/\/hid-miskolc.hu\/?page_id=22"},"modified":"2019-02-21T17:04:53","modified_gmt":"2019-02-21T15:04:53","slug":"civil-tevekenyseg","status":"publish","type":"page","link":"http:\/\/hid-miskolc.hu\/?page_id=22","title":{"rendered":"Civil tev\u00e9kenys\u00e9g"},"content":{"rendered":"<ul>\n<li><b><span style=\"text-decoration: underline;\">B-A-Z Megyei Civil Egy\u00fcttm\u0171k\u00f6d\u00e9si H\u00e1l\u00f3zat<\/span><\/b><\/li>\n<\/ul>\n<p>Az egyes\u00fclet alap\u00edt\u00f3 tagjai akt\u00edvan r\u00e9szt vesznek a H\u00e1l\u00f3zat \u00e1gazati \u00e9s kist\u00e9rs\u00e9gi f\u00f3rumainak munk\u00e1j\u00e1ban, tov\u00e1bb\u00e1 jogi \u00e9s gazdas\u00e1gi k\u00e9pz\u00e9st bonyol\u00edtanak le a H\u00e1l\u00f3zat tagjai sz\u00e1m\u00e1ra.<br \/>\n<a href=\"http:\/\/www.bazcivil.hu\/\" target=\"_blank\" rel=\"noopener\">www.bazcivil.hu<\/a><\/p>\n<ul>\n<li><b><span style=\"text-decoration: underline;\">Hefop Gordiusz program<\/span><\/b><\/li>\n<\/ul>\n<p>A tal\u00e1lkoz\u00f3k \u00c9szak-Magyarorsz\u00e1gi szervez\u00e9s\u00e9ben \u00e9s lebonyol\u00edt\u00e1s\u00e1ban vesz\u00fcnk r\u00e9szt, munk\u00e1nk eredm\u00e9nye a HEFOP t\u00edpus\u00fa projektek felt\u00e9teleinek jav\u00edt\u00e1sa. Munkat\u00e1rsaink region\u00e1lis \u00e9s orsz\u00e1gos rendezv\u00e9nyeken kulcsszak\u00e9rt\u0151k\u00e9nt is seg\u00edtik a munk\u00e1t.<br \/>\n<a href=\"http:\/\/www.hefopgordiusz.hu\/\" target=\"_blank\" rel=\"noopener\">www.hefopgordiusz.hu<\/a><\/p>\n<ul>\n<li><b><span style=\"text-decoration: underline;\">EU-H\u00c1L\u00d3 Partners\u00e9gi Program<\/span><\/b><\/li>\n<\/ul>\n<p>A h\u00e1l\u00f3zathoz csatlakozott civil szervezetek sz\u00e1m\u00e1ra p\u00e1ly\u00e1zati \u00e9s szakmai tan\u00e1csad\u00e1s, \u00e9rdekk\u00e9pviselet biztos\u00edt\u00e1sa. Munkat\u00e1rsunk seg\u00edti a h\u00e1l\u00f3zat B-A-Z megyei partnerszervezeteinek szakmai munk\u00e1j\u00e1t.<br \/>\n<a href=\"http:\/\/www.euhalo.hu\/\" target=\"_blank\" rel=\"noopener\">www.euhalo.hu<\/a><\/p>\n<ul>\n<li><b><span style=\"text-decoration: underline;\">OFA &#8211; CIVIL MENTOR Program<\/span><\/b><\/li>\n<\/ul>\n<p>Az OFA Civil Szervezetek Foglalkoztat\u00e1si Kapacit\u00e1s\u00e1nak N\u00f6vel\u00e9s\u00e9re ir\u00e1nyul\u00f3 p\u00e1ly\u00e1zati programj\u00e1ban nyertes szervezetek sz\u00e1m\u00e1ra szakmai \u00e9s p\u00e1ly\u00e1zati seg\u00edts\u00e9gny\u00fajt\u00e1s, mentor\u00e1l\u00e1s. Munkat\u00e1rsunk region\u00e1lis mentork\u00e9nt az \u00e9szak-magyarorsz\u00e1gi r\u00e9gi\u00f3 szervezeteinek ny\u00fajt szakmai tan\u00e1csad\u00e1st.<br \/>\n<a href=\"http:\/\/www.civilmentor.hu\/\" target=\"_blank\" rel=\"noopener\">www.civilmentor.hu<\/a><\/p>\n","protected":false},"excerpt":{"rendered":"<p>B-A-Z Megyei Civil Egy\u00fcttm\u0171k\u00f6d\u00e9si H\u00e1l\u00f3zat Az egyes\u00fclet alap\u00edt\u00f3 tagjai akt\u00edvan r\u00e9szt vesznek a H\u00e1l\u00f3zat \u00e1gazati \u00e9s kist\u00e9rs\u00e9gi f\u00f3rumainak munk\u00e1j\u00e1ban, tov\u00e1bb\u00e1 jogi \u00e9s gazdas\u00e1gi k\u00e9pz\u00e9st bonyol\u00edtanak le a H\u00e1l\u00f3zat tagjai sz\u00e1m\u00e1ra. www.bazcivil.hu Hefop Gordiusz program A tal\u00e1lkoz\u00f3k \u00c9szak-Magyarorsz\u00e1gi szervez\u00e9s\u00e9ben \u00e9s lebonyol\u00edt\u00e1s\u00e1ban vesz\u00fcnk r\u00e9szt, munk\u00e1nk eredm\u00e9nye a HEFOP t\u00edpus\u00fa projektek felt\u00e9teleinek jav\u00edt\u00e1sa. Munkat\u00e1rsaink region\u00e1lis \u00e9s orsz\u00e1gos rendezv\u00e9nyeken [&hellip;]<\/p>\n","protected":false},"author":1,"featured_media":0,"parent":0,"menu_order":0,"comment_status":"closed","ping_status":"closed","template":"","meta":[],"_links":{"self":[{"href":"http:\/\/hid-miskolc.hu\/index.php?rest_route=\/wp\/v2\/pages\/22"}],"collection":[{"href":"http:\/\/hid-miskolc.hu\/index.php?rest_route=\/wp\/v2\/pages"}],"about":[{"href":"http:\/\/hid-miskolc.hu\/index.php?rest_route=\/wp\/v2\/types\/page"}],"author":[{"embeddable":true,"href":"http:\/\/hid-miskolc.hu\/index.php?rest_route=\/wp\/v2\/users\/1"}],"replies":[{"embeddable":true,"href":"http:\/\/hid-miskolc.hu\/index.php?rest_route=%2Fwp%2Fv2%2Fcomments&post=22"}],"version-history":[{"count":3,"href":"http:\/\/hid-miskolc.hu\/index.php?rest_route=\/wp\/v2\/pages\/22\/revisions"}],"predecessor-version":[{"id":377,"href":"http:\/\/hid-miskolc.hu\/index.php?rest_route=\/wp\/v2\/pages\/22\/revisions\/377"}],"wp:attachment":[{"href":"http:\/\/hid-miskolc.hu\/index.php?rest_route=%2Fwp%2Fv2%2Fmedia&parent=22"}],"curies":[{"name":"wp","href":"https:\/\/api.w.org\/{rel}","templated":true}]}}

Civil tevékenység

<ul>
<li><b><span style="text-decoration: underline;">B-A-Z Megyei Civil Együttműködési Hálózat</span></b></li>
</ul>
<p>Az egyesület alapító tagjai aktívan részt vesznek a Hálózat ágazati és kistérségi fórumainak munkájában, továbbá jogi és gazdasági képzést bonyolítanak le a Hálózat tagjai számára.<br />
<a href="http://www.bazcivil.hu/" target="_blank" rel="noopener">www.bazcivil.hu</a></p>
<ul>
<li><b><span style="text-decoration: underline;">Hefop Gordiusz program</span></b></li>
</ul>
<p>A találkozók Észak-Magyarországi szervezésében és lebonyolításában veszünk részt, munkánk eredménye a HEFOP típusú projektek feltételeinek javítása. Munkatársaink regionális és országos rendezvényeken kulcsszakértőként is segítik a munkát.<br />
<a href="http://www.hefopgordiusz.hu/" target="_blank" rel="noopener">www.hefopgordiusz.hu</a></p>
<ul>
<li><b><span style="text-decoration: underline;">EU-HÁLÓ Partnerségi Program</span></b></li>
</ul>
<p>A hálózathoz csatlakozott civil szervezetek számára pályázati és szakmai tanácsadás, érdekképviselet biztosítása. Munkatársunk segíti a hálózat B-A-Z megyei partnerszervezeteinek szakmai munkáját.<br />
<a href="http://www.euhalo.hu/" target="_blank" rel="noopener">www.euhalo.hu</a></p>
<ul>
<li><b><span style="text-decoration: underline;">OFA &#8211; CIVIL MENTOR Program</span></b></li>
</ul>
<p>Az OFA Civil Szervezetek Foglalkoztatási Kapacitásának Növelésére irányuló pályázati programjában nyertes szervezetek számára szakmai és pályázati segítségnyújtás, mentorálás. Munkatársunk regionális mentorként az észak-magyarországi régió szervezeteinek nyújt szakmai tanácsadást.<br />
<a href="http://www.civilmentor.hu/" target="_blank" rel="noopener">www.civilmentor.hu</a></p>

<p>B-A-Z Megyei Civil Együttműködési Hálózat Az egyesület alapító tagjai aktívan részt vesznek a Hálózat ágazati és kistérségi fórumainak munkájában, továbbá jogi és gazdasági képzést bonyolítanak le a Hálózat tagjai számára. www.bazcivil.hu Hefop Gordiusz program A találkozók Észak-Magyarországi szervezésében és lebonyolításában veszünk részt, munkánk eredménye a HEFOP típusú projektek feltételeinek javítása. Munkatársaink regionális és országos rendezvényeken [&hellip;]</p>
