{"id":26,"date":"2013-05-26T23:49:00","date_gmt":"2013-05-26T21:49:00","guid":{"rendered":"http:\/\/hid-miskolc.hu\/?page_id=26"},"modified":"2014-05-09T14:34:35","modified_gmt":"2014-05-09T12:34:35","slug":"elerhetosegeink","status":"publish","type":"page","link":"http:\/\/hid-miskolc.hu\/?page_id=26","title":{"rendered":"El\u00e9rhet\u0151s\u00e9geink"},"content":{"rendered":"<h2>H\u00cdD Egyes\u00fclet<\/h2>\n<p><strong>K\u00e9rj\u00fck <span style=\"color:red\">\u00e1ll\u00e1skeres\u0151 \u00fcgyfeleinket<\/span>, hogy a <a href=\"mailto:regisztralt@hid-miskolc.hu\">regisztralt@hid-miskolc.hu<\/a> e-mail c\u00edmen vegy\u00e9k fel vel\u00fcnk a kapcsolatot!<\/strong><\/p>\n<p>\u00dcgyf\u00e9lszolg\u00e1lat:\u00a03530 Miskolc, R\u00e1k\u00f3czi u. 12. fsz. 1.<br \/>\nTelefon\/fax:\u00a046\/787-299\u00a0E-mail:\u00a0<a href=\"mailto:hid@hid-miskolc.hu\">hid@hid-miskolc.hu<\/a><\/p>\n<p>Az \u00fcgyf\u00e9lszolg\u00e1lat nyitvatart\u00e1sa:<\/p>\n<table width=\"250\">\n<tbody>\n<tr>\n<td>H\u00e9tf\u0151<\/td>\n<td align=\"right\"><\/td>\n<td align=\"right\">13.00 &#8211; 16.00<\/td>\n<\/tr>\n<tr>\n<td>Kedd<\/td>\n<td align=\"right\">9.00 &#8211; 12.00<\/td>\n<td align=\"right\">13.00 &#8211; 16.00<\/td>\n<\/tr>\n<tr>\n<td>Szerda<\/td>\n<td align=\"right\">9.00 &#8211; 12.00<\/td>\n<td align=\"right\">13.00 &#8211; 16.00<\/td>\n<\/tr>\n<tr>\n<td>Cs\u00fct\u00f6rt\u00f6k<\/td>\n<td align=\"right\">9.00 &#8211; 12.00<\/td>\n<td align=\"right\">13.00 &#8211; 16.00<\/td>\n<\/tr>\n<tr>\n<td>P\u00e9ntek<\/td>\n<td align=\"right\">9.00 &#8211; 12.00<\/td>\n<td align=\"right\"><\/td>\n<\/tr>\n<\/tbody>\n<\/table>\n<p>&nbsp;<\/p>\n<h2>G\u00f6nci Ifj\u00fas\u00e1gi Inform\u00e1ci\u00f3s \u00e9s Tan\u00e1csad\u00f3i Iroda \u00e9s Inform\u00e1ci\u00f3s pont<\/h2>\n<div><span style=\"font-size: 1rem; line-height: 1;\">\u00dcgyf\u00e9lszolg\u00e1lat:\u00a03895 G\u00f6nc, Sz\u00e9chenyi u. 9.<\/span><\/div>\n<div>Telefon:\u00a020\/400-2119<\/div>\n<div><\/div>\n<div><\/div>\n<div>Az Ifj\u00fas\u00e1gi Inform\u00e1ci\u00f3s \u00e9s Tan\u00e1csad\u00f3i Iroda nyitvatart\u00e1sa:<\/p>\n<table width=\"250\">\n<tbody>\n<tr>\n<td>H\u00e9tf\u0151<\/td>\n<td align=\"right\">9:00- 11:00<\/td>\n<td align=\"right\">15:00-17:00<\/td>\n<\/tr>\n<tr>\n<td>Kedd<\/td>\n<td align=\"right\">9:00- 11:00<\/td>\n<td align=\"right\">15:00-17:00<\/td>\n<\/tr>\n<tr>\n<td>Szerda<\/td>\n<td align=\"right\">9:00- 11:00<\/td>\n<td align=\"right\">15:00-17:00<\/td>\n<\/tr>\n<tr>\n<td>Cs\u00fct\u00f6rt\u00f6k<\/td>\n<td align=\"right\">9:00- 11:00<\/td>\n<td align=\"right\">15:00-17:00<\/td>\n<\/tr>\n<tr>\n<td>P\u00e9ntek<\/td>\n<td align=\"right\"><\/td>\n<td align=\"right\">16:00-20:00<\/td>\n<\/tr>\n<\/tbody>\n<\/table>\n<p>&nbsp;<\/p>\n<p>Technikai kontakt:\u00a0<a href=\"mailto:hid@hid-miskolc.hu\">Klick Computer Kft.<\/a><\/p>\n<\/div>\n","protected":false},"excerpt":{"rendered":"<p>H\u00cdD Egyes\u00fclet K\u00e9rj\u00fck \u00e1ll\u00e1skeres\u0151 \u00fcgyfeleinket, hogy a regisztralt@hid-miskolc.hu e-mail c\u00edmen vegy\u00e9k fel vel\u00fcnk a kapcsolatot! \u00dcgyf\u00e9lszolg\u00e1lat:\u00a03530 Miskolc, R\u00e1k\u00f3czi u. 12. fsz. 1. Telefon\/fax:\u00a046\/787-299\u00a0E-mail:\u00a0hid@hid-miskolc.hu Az \u00fcgyf\u00e9lszolg\u00e1lat nyitvatart\u00e1sa: H\u00e9tf\u0151 13.00 &#8211; 16.00 Kedd 9.00 &#8211; 12.00 13.00 &#8211; 16.00 Szerda 9.00 &#8211; 12.00 13.00 &#8211; 16.00 Cs\u00fct\u00f6rt\u00f6k 9.00 &#8211; 12.00 13.00 &#8211; 16.00 P\u00e9ntek 9.00 &#8211; 12.00 [&hellip;]<\/p>\n","protected":false},"author":1,"featured_media":0,"parent":30,"menu_order":0,"comment_status":"closed","ping_status":"closed","template":"","meta":[],"_links":{"self":[{"href":"http:\/\/hid-miskolc.hu\/index.php?rest_route=\/wp\/v2\/pages\/26"}],"collection":[{"href":"http:\/\/hid-miskolc.hu\/index.php?rest_route=\/wp\/v2\/pages"}],"about":[{"href":"http:\/\/hid-miskolc.hu\/index.php?rest_route=\/wp\/v2\/types\/page"}],"author":[{"embeddable":true,"href":"http:\/\/hid-miskolc.hu\/index.php?rest_route=\/wp\/v2\/users\/1"}],"replies":[{"embeddable":true,"href":"http:\/\/hid-miskolc.hu\/index.php?rest_route=%2Fwp%2Fv2%2Fcomments&post=26"}],"version-history":[{"count":10,"href":"http:\/\/hid-miskolc.hu\/index.php?rest_route=\/wp\/v2\/pages\/26\/revisions"}],"predecessor-version":[{"id":311,"href":"http:\/\/hid-miskolc.hu\/index.php?rest_route=\/wp\/v2\/pages\/26\/revisions\/311"}],"up":[{"embeddable":true,"href":"http:\/\/hid-miskolc.hu\/index.php?rest_route=\/wp\/v2\/pages\/30"}],"wp:attachment":[{"href":"http:\/\/hid-miskolc.hu\/index.php?rest_route=%2Fwp%2Fv2%2Fmedia&parent=26"}],"curies":[{"name":"wp","href":"https:\/\/api.w.org\/{rel}","templated":true}]}}

Elérhetőségeink

<h2>HÍD Egyesület</h2>
<p><strong>Kérjük <span style="color:red">álláskereső ügyfeleinket</span>, hogy a <a href="mailto:regisztralt@hid-miskolc.hu">regisztralt@hid-miskolc.hu</a> e-mail címen vegyék fel velünk a kapcsolatot!</strong></p>
<p>Ügyfélszolgálat: 3530 Miskolc, Rákóczi u. 12. fsz. 1.<br />
Telefon/fax: 46/787-299 E-mail: <a href="mailto:hid@hid-miskolc.hu">hid@hid-miskolc.hu</a></p>
<p>Az ügyfélszolgálat nyitvatartása:</p>
<table width="250">
<tbody>
<tr>
<td>Hétfő</td>
<td align="right"></td>
<td align="right">13.00 &#8211; 16.00</td>
</tr>
<tr>
<td>Kedd</td>
<td align="right">9.00 &#8211; 12.00</td>
<td align="right">13.00 &#8211; 16.00</td>
</tr>
<tr>
<td>Szerda</td>
<td align="right">9.00 &#8211; 12.00</td>
<td align="right">13.00 &#8211; 16.00</td>
</tr>
<tr>
<td>Csütörtök</td>
<td align="right">9.00 &#8211; 12.00</td>
<td align="right">13.00 &#8211; 16.00</td>
</tr>
<tr>
<td>Péntek</td>
<td align="right">9.00 &#8211; 12.00</td>
<td align="right"></td>
</tr>
</tbody>
</table>
<p>&nbsp;</p>
<h2>Gönci Ifjúsági Információs és Tanácsadói Iroda és Információs pont</h2>
<div><span style="font-size: 1rem; line-height: 1;">Ügyfélszolgálat: 3895 Gönc, Széchenyi u. 9.</span></div>
<div>Telefon: 20/400-2119</div>
<div></div>
<div></div>
<div>Az Ifjúsági Információs és Tanácsadói Iroda nyitvatartása:</p>
<table width="250">
<tbody>
<tr>
<td>Hétfő</td>
<td align="right">9:00- 11:00</td>
<td align="right">15:00-17:00</td>
</tr>
<tr>
<td>Kedd</td>
<td align="right">9:00- 11:00</td>
<td align="right">15:00-17:00</td>
</tr>
<tr>
<td>Szerda</td>
<td align="right">9:00- 11:00</td>
<td align="right">15:00-17:00</td>
</tr>
<tr>
<td>Csütörtök</td>
<td align="right">9:00- 11:00</td>
<td align="right">15:00-17:00</td>
</tr>
<tr>
<td>Péntek</td>
<td align="right"></td>
<td align="right">16:00-20:00</td>
</tr>
</tbody>
</table>
<p>&nbsp;</p>
<p>Technikai kontakt: <a href="mailto:hid@hid-miskolc.hu">Klick Computer Kft.</a></p>
</div>

<p>HÍD Egyesület Kérjük álláskereső ügyfeleinket, hogy a regisztralt@hid-miskolc.hu e-mail címen vegyék fel velünk a kapcsolatot! Ügyfélszolgálat: 3530 Miskolc, Rákóczi u. 12. fsz. 1. Telefon/fax: 46/787-299 E-mail: hid@hid-miskolc.hu Az ügyfélszolgálat nyitvatartása: Hétfő 13.00 &#8211; 16.00 Kedd 9.00 &#8211; 12.00 13.00 &#8211; 16.00 Szerda 9.00 &#8211; 12.00 13.00 &#8211; 16.00 Csütörtök 9.00 &#8211; 12.00 13.00 &#8211; 16.00 Péntek 9.00 &#8211; 12.00 [&hellip;]</p>
