{"id":40,"date":"2013-05-27T09:49:27","date_gmt":"2013-05-27T07:49:27","guid":{"rendered":"http:\/\/hid-miskolc.hu\/?page_id=40"},"modified":"2020-04-03T21:41:37","modified_gmt":"2020-04-03T19:41:37","slug":"munkatarsaink","status":"publish","type":"page","link":"http:\/\/hid-miskolc.hu\/?page_id=40","title":{"rendered":"Munkat\u00e1rsaink"},"content":{"rendered":"<p><strong><span style=\"line-height: 1.714285714; font-size: 1rem;\">Kiss Attila\u00a0<\/span><\/strong><br \/>\nBeoszt\u00e1s:\u00a0Az Egyes\u00fclet eln\u00f6ke<br \/>\nV\u00e9gzetts\u00e9g:\u00a0Munka-, \u00e9s szervezetpszichol\u00f3gus<br \/>\nTapasztalat:\u00a0Szervezetfejleszt\u00e9si tan\u00e1csad\u00f3 \u00e9s tr\u00e9ner, Szaktan\u00e1csad\u00f3-oktat\u00f3, projektek tervez\u00e9se \u00e9s megval\u00f3s\u00edt\u00e1sa, coaching, monitoroz\u00e1s<br \/>\ne-mail c\u00edm:\u00a0<a href=\"mailto:kiss.attila@hid-miskolc.hu\">kiss.attila@hid-miskolc.hu<\/a><\/p>\n<p><strong>Kasar\u00f3czki \u00c1gnes\u00a0<\/strong><br \/>\nBeoszt\u00e1s:\u00a0Az Egyes\u00fclet aleln\u00f6ke, szakmai vezet\u0151, projektvezet\u0151<br \/>\nV\u00e9gzetts\u00e9g:\u00a0Pedag\u00f3gus, Ment\u00e1lhigi\u00e9nikus<br \/>\nTapasztalat:\u00a0Projektvezet\u00e9si, tan\u00e1csad\u00f3i \u00e9s tr\u00e9neri, szakmai vezet\u0151i<br \/>\ne-mail c\u00edm:\u00a0<a href=\"mailto:kasaroczki.agi@hid-miskolc.hu\">kasaroczki.agi@hid-miskolc.hu<\/a><\/p>\n<p><strong>T\u00f3th Bogl\u00e1rka\u00a0<\/strong><br \/>\nBeoszt\u00e1s:\u00a0Tan\u00e1csad\u00f3, mentor<br \/>\nV\u00e9gzetts\u00e9g:\u00a0t\u00f6rt\u00e9nelem szak<br \/>\nTapasztalat:\u00a0Munkaer\u0151-piaci tan\u00e1csad\u00e1s, p\u00e1ly\u00e1zat\u00edr\u00e1s, mentori \u00e9s rehabilit\u00e1ci\u00f3s mentori tev\u00e9kenys\u00e9g<br \/>\ne-mail c\u00edm:\u00a0<a href=\"mailto:hid@hid-miskolc.hu\">hid@hid-miskolc.hu <\/a><\/p>\n<p><strong>Petri L\u00e1szl\u00f3<\/strong><br \/>\nBeoszt\u00e1s: Mentor<br \/>\nV\u00e9gzetts\u00e9g:\u00a0Okleveles Geogr\u00e1fus, munkaer\u0151-piaci mentor, p\u00e1ly\u00e1zati koordin\u00e1tor, ingatlank\u00f6zvet\u00edt\u0151 \u00e9s \u00e9rt\u00e9kbecsl\u0151<br \/>\nTapasztalat:\u00a0Munkaer\u0151-piaci tan\u00e1csad\u00e1s, p\u00e1ly\u00e1zat\u00edr\u00e1s, mentori tev\u00e9kenys\u00e9g<br \/>\ne-mail c\u00edm:\u00a0<a href=\"mailto:petri.laszlo@hid-miskolc.hu\">petri.laszlo@hid-miskolc.hu<\/a><\/p>\n<p><strong>Hallgat\u00f3 Ferenc<\/strong><br \/>\nBeoszt\u00e1s: Mentor<br \/>\nV\u00e9gzetts\u00e9g: Okleveles erd\u0151m\u00e9rn\u00f6k, munkaer\u0151-piaci mentor<br \/>\nTapasztalat: mentori tev\u00e9kenys\u00e9g, v\u00e1llalkoz\u00f3i ismeretek<br \/>\ne-mail c\u00edm: <a href=\"mailto:hid@hid-miskolc.hu\">hid@hid-miskolc.hu<\/a><\/p>\n<div style=\"border: solid 2px black; width: 500px; margin-bottom: 40px;\"><strong>K\u0151halmin\u00e9 Csontos Katalin<\/strong><br \/>\nBeoszt\u00e1s:\u00a0Vezet\u0151 tan\u00e1csad\u00f3<br \/>\nV\u00e9gzetts\u00e9g:\u00a0M\u00e9rlegk\u00e9pes K\u00f6nyvel\u0151, munkaer\u0151-piaci tan\u00e1csad\u00f3<br \/>\nTapasztalat:\u00a0K\u00f6nyvel\u00e9si ismeretek, munkaer\u0151-piaci tan\u00e1csad\u00e1s<\/div>\n<p>Aki m\u00e9g seg\u00edtik munk\u00e1nkat:<\/p>\n<table style=\"height: 73px;\" border=\"0\" width=\"578\" cellspacing=\"3\" cellpadding=\"5\">\n<tbody>\n<tr>\n<td>Dr. T\u00f3th S\u00e1ndor<\/td>\n<td>Programjainkban eg\u00e9szs\u00e9g\u00fcgyi tan\u00e1csad\u00e1s ny\u00fajt\u00e1s\u00e1val vesz r\u00e9szt.<\/td>\n<\/tr>\n<tr>\n<td>Dr. Nagy Ildik\u00f3<\/td>\n<td>Jogi szaktan\u00e1csad\u00f3<\/td>\n<\/tr>\n<\/tbody>\n<\/table>\n<p>&nbsp;<\/p>\n","protected":false},"excerpt":{"rendered":"<p>Kiss Attila\u00a0 Beoszt\u00e1s:\u00a0Az Egyes\u00fclet eln\u00f6ke V\u00e9gzetts\u00e9g:\u00a0Munka-, \u00e9s szervezetpszichol\u00f3gus Tapasztalat:\u00a0Szervezetfejleszt\u00e9si tan\u00e1csad\u00f3 \u00e9s tr\u00e9ner, Szaktan\u00e1csad\u00f3-oktat\u00f3, projektek tervez\u00e9se \u00e9s megval\u00f3s\u00edt\u00e1sa, coaching, monitoroz\u00e1s e-mail c\u00edm:\u00a0kiss.attila@hid-miskolc.hu Kasar\u00f3czki \u00c1gnes\u00a0 Beoszt\u00e1s:\u00a0Az Egyes\u00fclet aleln\u00f6ke, szakmai vezet\u0151, projektvezet\u0151 V\u00e9gzetts\u00e9g:\u00a0Pedag\u00f3gus, Ment\u00e1lhigi\u00e9nikus Tapasztalat:\u00a0Projektvezet\u00e9si, tan\u00e1csad\u00f3i \u00e9s tr\u00e9neri, szakmai vezet\u0151i e-mail c\u00edm:\u00a0kasaroczki.agi@hid-miskolc.hu T\u00f3th Bogl\u00e1rka\u00a0 Beoszt\u00e1s:\u00a0Tan\u00e1csad\u00f3, mentor V\u00e9gzetts\u00e9g:\u00a0t\u00f6rt\u00e9nelem szak Tapasztalat:\u00a0Munkaer\u0151-piaci tan\u00e1csad\u00e1s, p\u00e1ly\u00e1zat\u00edr\u00e1s, mentori \u00e9s rehabilit\u00e1ci\u00f3s mentori tev\u00e9kenys\u00e9g e-mail c\u00edm:\u00a0hid@hid-miskolc.hu [&hellip;]<\/p>\n","protected":false},"author":1,"featured_media":0,"parent":30,"menu_order":0,"comment_status":"closed","ping_status":"closed","template":"","meta":[],"_links":{"self":[{"href":"http:\/\/hid-miskolc.hu\/index.php?rest_route=\/wp\/v2\/pages\/40"}],"collection":[{"href":"http:\/\/hid-miskolc.hu\/index.php?rest_route=\/wp\/v2\/pages"}],"about":[{"href":"http:\/\/hid-miskolc.hu\/index.php?rest_route=\/wp\/v2\/types\/page"}],"author":[{"embeddable":true,"href":"http:\/\/hid-miskolc.hu\/index.php?rest_route=\/wp\/v2\/users\/1"}],"replies":[{"embeddable":true,"href":"http:\/\/hid-miskolc.hu\/index.php?rest_route=%2Fwp%2Fv2%2Fcomments&post=40"}],"version-history":[{"count":15,"href":"http:\/\/hid-miskolc.hu\/index.php?rest_route=\/wp\/v2\/pages\/40\/revisions"}],"predecessor-version":[{"id":416,"href":"http:\/\/hid-miskolc.hu\/index.php?rest_route=\/wp\/v2\/pages\/40\/revisions\/416"}],"up":[{"embeddable":true,"href":"http:\/\/hid-miskolc.hu\/index.php?rest_route=\/wp\/v2\/pages\/30"}],"wp:attachment":[{"href":"http:\/\/hid-miskolc.hu\/index.php?rest_route=%2Fwp%2Fv2%2Fmedia&parent=40"}],"curies":[{"name":"wp","href":"https:\/\/api.w.org\/{rel}","templated":true}]}}