{"id":409,"date":"2020-04-03T21:09:18","date_gmt":"2020-04-03T19:09:18","guid":{"rendered":"http:\/\/hid-miskolc.hu\/?page_id=409"},"modified":"2020-04-03T21:33:00","modified_gmt":"2020-04-03T19:33:00","slug":"hid-tranzit","status":"publish","type":"page","link":"http:\/\/hid-miskolc.hu\/?page_id=409","title":{"rendered":"H\u00edd-Tranzit"},"content":{"rendered":"<p style=\"font-weight: 400;\">A kedvezm\u00e9nyezett neve: H\u00cdD Kult\u00far\u00e1k, Koroszt\u00e1lyok, K\u00f6z\u00f6ss\u00e9gek K\u00f6z\u00f6tt Egyes\u00fclet<\/p>\n<p style=\"font-weight: 400;\">A projekt c\u00edme: H\u00cdD-Tranzit<\/p>\n<p style=\"font-weight: 400;\">A szerz\u0151d\u00f6tt t\u00e1mogat\u00e1s \u00f6sszege: 66.394.998 Ft<\/p>\n<p style=\"font-weight: 400;\">A t\u00e1mogat\u00e1s m\u00e9rt\u00e9ke (%-ban): 98,065<\/p>\n<p style=\"font-weight: 400;\"><em>A projekt c\u00e9lja, hogy a tranzit foglakoztat\u00e1si projekt egyik jellegzetes eszk\u00f6z\u00e9vel a gyakorlatra alapozott, nem hagyom\u00e1nyos m\u00f3dszerekkel megval\u00f3s\u00edtott, foglalkoztat\u00e1shoz k\u00f6t\u00f6tt k\u00e9pz\u00e9st val\u00f3s\u00edtsunk meg, hogy azon c\u00e9lcsoport tagoknak, akik hagyom\u00e1nyos k\u00e9pz\u00e9s keret\u00e9ben nem voltak sikeresek, lehet\u0151s\u00e9get kapjanak. a szakk\u00e9pzetts\u00e9g \u00e9s a munkatapasztalat megszerz\u00e9s\u00e9re, k\u00e9pess\u00e9 v\u00e1ljanak a ny\u00edlt munkaer\u0151- piacon val\u00f3 megjelen\u00e9sre.<\/em><\/p>\n<p style=\"font-weight: 400;\"><em>A c\u00e9lcsoport nagy r\u00e9sze Sziksz\u00f3 k\u00f6rny\u00e9k\u00e9n \u00e9l\u0151,\u00a0 inakt\u00edv, fiatal, h\u00e1tr\u00e1nyos helyzet\u0171, hosszabb ideje \u00e1ll\u00e1skeres\u0151 vagy k\u00f6zfoglalkoztat\u00e1sban l\u00e9v\u0151, akiket seg\u00edteni kell a munk\u00e1ra val\u00f3 alkalmass\u00e1g el\u00e9r\u00e9s\u00e9ben. A projekt megval\u00f3s\u00edt\u00e1s fejl\u0151dik a szervezet szolg\u00e1ltat\u00e1si m\u00f3dszertana, eszk\u00f6zt\u00e1ra, a helyi \u00e9s orsz\u00e1gos szint\u0171 kapcsolatrendszere.A projekt a H\u00cdD Egyes\u00fclet \u00e9s a\u00a0 Sziksz\u00f3 Centrum Kft. konzorciumi partners\u00e9g\u00e9ben val\u00f3sul meg.<\/em><\/p>\n<p style=\"font-weight: 400;\"><em>A T\u00e1mogat\u00e1st k\u00e9r\u0151 Miskolcon, Aba\u00fajban, Zempl\u00e9nben \u00e9vek \u00f3ta meghat\u00e1roz\u00f3 munkaer\u0151 piaci szerepl\u0151: t\u00f6bbf\u00e9le h\u00e1tr\u00e1nyos helyzet\u0171 c\u00e9lcsoporttal,t\u00f6bb innovat\u00edv m\u00f3dszert bevezetve hajtott v\u00e9gre sikeres projekteket.<\/em><\/p>\n<p style=\"font-weight: 400;\"><em>A projekt 28 f\u0151 bevon\u00e1s\u00e1val, gyakorlatra alapoz\u00f3 \u00e9s foglalkoztat\u00e1sba \u00e9p\u00edtett\u00a0 k\u00e9pz\u00e9s\u00e9vel- 12 f\u0151 k\u0151m\u0171ves \u00e9s 16 f\u0151 konyhai kiseg\u00edt\u0151 -,majd t\u00e1mogatott foglalkoztat\u00e1s\u00e1val tervez.<\/em><\/p>\n<p style=\"font-weight: 400;\"><em>A projektben folyamatos a mentor\u00e1l\u00e1s,\u00a0 egy\u00e9ni \u00e9s csoportos fejleszt\u00e9sekkel a motiv\u00e1ci\u00f3 \u00e9s a beilleszked\u00e9s seg\u00edt\u00e9se, a ny\u00edlt munkaer\u0151 piacra val\u00f3 felk\u00e9sz\u00edt\u00e9s.<\/em><\/p>\n<p style=\"font-weight: 400;\"><em>Indik\u00e1toroknak a k\u00f6vetkez\u0151ket hat\u00e1roztuk meg:<\/em><\/p>\n<ul>\n<li style=\"font-weight: 400;\"><em> 28 f\u0151 bevon\u00e1sa, k\u00e9pz\u00e9sbe helyez\u00e9se<\/em><\/li>\n<li style=\"font-weight: 400;\"><em> legal\u00e1bb 23 f\u0151 OKJ-s k\u00e9pzetts\u00e9get szerez<\/em><\/li>\n<li style=\"font-weight: 400;\"><em> legal\u00e1bb 23 f\u0151 a program z\u00e1r\u00e1sakor foglalkoztat\u00e1sban van<\/em><\/li>\n<li style=\"font-weight: 400;\"><em> a t\u00e1mogatott foglalkoztat\u00e1s ut\u00e1n lehet\u0151leg min\u00e9l t\u00f6bben t\u00e1mogat\u00e1s n\u00e9lk\u00fcli foglalkoztat\u00e1sba ker\u00fclnek<\/em><\/li>\n<\/ul>\n<p style=\"font-weight: 400;\"><em>Az al\u00e1bbi tev\u00e9kenys\u00e9gek tervez\u00e9s\u00e9t a felh\u00edv\u00e1s c\u00e9ljai, a meghat\u00e1rozott tev\u00e9kenys\u00e9gei, a c\u00e9lcsoport sz\u00fcks\u00e9glete \u00e9s a helyi munkaer\u0151 piaci ig\u00e9ny alapozta meg.<\/em><\/p>\n<p style=\"font-weight: 400;\"><em>C\u00e9lcsoport k\u00e9pz\u00e9s\u00e9vel \u00f6sszef\u00fcgg\u0151 tev\u00e9kenys\u00e9gek:\u00a0 k\u00e9pess\u00e9gfelm\u00e9r\u00e9s; felm\u00e9r\u00e9s eredm\u00e9nye alapj\u00e1n egy\u00e9ni fejleszt\u00e9si terv k\u00e9sz\u00edt\u00e9se ,k\u00e9pz\u00e9s-szervez\u0151i feladatok ell\u00e1t\u00e1sa; k\u00e9pz\u00e9sek megval\u00f3s\u00edt\u00e1sa, biztos\u00edt\u00e1sa, beszerz\u00e9se: k\u0151m\u0171ves \u00e9s konyhai kiseg\u00edt\u0151\u00a0 szakm\u00e1ban\u00a0 a szakk\u00e9pz\u00e9shez kapcsol\u00f3d\u00f3 gyakorlati elemek megval\u00f3s\u00edt\u00e1s\u00e1hoz, kapcsolattart\u00e1s a k\u00e9pz\u00e9st lebonyol\u00edt\u00f3 int\u00e9zm\u00e9nnyel \u00e9s gyakorlati helyet biztos\u00edt\u00f3 v\u00e1llalkoz\u00e1ssal; a program keret\u00e9ben t\u00e1mogatott k\u00e9pz\u00e9sekhez gyakorlati k\u00e9pz\u0151hely biztos\u00edt\u00e1sa; a foglalkoz\u00e1s-eg\u00e9szs\u00e9g\u00fcgyi \u00e9s k\u00e9pz\u00e9si alkalmass\u00e1gi vizsg\u00e1latok biztos\u00edt\u00e1sa;\u00a0 felk\u00e9sz\u00edt\u00e9s az \u00f6n\u00e1ll\u00f3 \u00e9let \u00e9s a munkav\u00e1llal\u00f3i szerep \u00f6sszehangol\u00e1s\u00e1ra, az ehhez sz\u00fcks\u00e9ges t\u00e1rsas kompetenci\u00e1k fejleszt\u00e9se egy\u00e9ni vagy csoportos foglalkoz\u00e1sok keret\u00e9ben;a c\u00e9lcsoport k\u00e9pz\u00e9sre val\u00f3 utaz\u00e1si k\u00f6lts\u00e9geinek megt\u00e9r\u00edt\u00e9se, vagy az utaz\u00e1s; megszervez\u00e9se;meg\u00e9lhet\u00e9si t\u00e1mogat\u00e1s biztos\u00edt\u00e1sa.<\/em><\/p>\n<p style=\"font-weight: 400;\"><em>C\u00e9lcsoporthoz foglalkozat\u00e1s\u00e1t, k\u00e9pz\u00e9s\u00e9t el\u0151seg\u00edt\u0151 szolg\u00e1ltat\u00e1sok: c\u00e9lcsoport t\u00e1mogat\u00e1sa a k\u00e9pz\u00e9sben tart\u00e1s el\u0151seg\u00edt\u00e9s\u00e9re pszicho-szoci\u00e1lis \u00e9s egy\u00e9b t\u00e1mogat\u00f3 szolg\u00e1ltat\u00e1sok ny\u00fajt\u00e1s\u00e1val, szem\u00e9lyre szabott munkaer\u0151-piaci szolg\u00e1ltat\u00e1sok ny\u00fajt\u00e1sa a 2. sz. szakmai mell\u00e9kletben<\/em><\/p>\n<p style=\"font-weight: 400;\"><em>Ny\u00edlt munkaer\u0151-piaci elhelyezked\u00e9s t\u00e1mogat\u00e1sa \u00e9s ut\u00f3gondoz\u00e1s a c\u00e9lcsoport sz\u00e1m\u00e1ra:<\/em><\/p>\n<ul>\n<li style=\"font-weight: 400;\"><em> az \u00e1ll\u00e1skeres\u00e9shez, ill. munkak\u00f6rnyezetbe val\u00f3 beilleszked\u00e9shez felk\u00e9sz\u00edt\u0151 tan\u00e1csad\u00e1s;<\/em><\/li>\n<li style=\"font-weight: 400;\"><em> c\u00e9lcsoport ny\u00edlt munkaer\u0151-piaci elhelyezked\u00e9s\u00e9nek, \u00f6nfoglalkoztat\u00f3v\u00e1 v\u00e1l\u00e1s\u00e1nak el\u0151seg\u00edt\u00e9se c\u00e9lcsoporttag foglalkoztat\u00e1sa megkezd\u00e9s\u00e9hez sz\u00fcks\u00e9ges eszk\u00f6z\u00f6k beszerz\u00e9se;<\/em><\/li>\n<li style=\"font-weight: 400;\"><em> c\u00e9lcsoporttagok foglalkoztat\u00e1sa;<\/em><\/li>\n<li style=\"font-weight: 400;\"><em> munk\u00e1ba j\u00e1r\u00e1s t\u00e1mogat\u00e1sa\/biztos\u00edt\u00e1sa;<\/em><\/li>\n<li style=\"font-weight: 400;\"><em> sz\u00fcks\u00e9g eset\u00e9n \u00e1tmeneti lakhat\u00e1s t\u00e1mogat\u00e1sa\/biztos\u00edt\u00e1sa legfeljebb az elhelyezked\u00e9st k\u00f6vet\u0151 12 h\u00f3napig;<\/em><\/li>\n<li style=\"font-weight: 400;\"><em> munkahelyi beilleszked\u00e9s\u00e9nek seg\u00edt\u00e9se, munkahely megtart\u00e1s\u00e1nak el\u0151seg\u00edt\u00e9se\u00a0 t\u00e1mogat\u00f3 szolg\u00e1ltat\u00e1sok ny\u00fajt\u00e1s\u00e1val.<\/em><\/li>\n<\/ul>\n<p style=\"font-weight: 400;\"><em>Szakmai megval\u00f3s\u00edt\u00e1ssal \u00f6sszef\u00fcgg\u0151 k\u00f6telez\u0151 tev\u00e9kenys\u00e9gek: k\u00e9pz\u00e9sszervez\u0151 ,\u00a0 gyakorlati k\u00e9pz\u00e9st vezet\u0151 szakoktat\u00f3, m\u0171helyvezet\u0151 biztos\u00edt\u00e1sa;\u00a0 2 f\u0151 mentor foglalkozat\u00e1sa, munk\u00e1ltat\u00f3i f\u00f3rumok szervez\u00e9se.<\/em><\/p>\n<p style=\"font-weight: 400;\"><em>Disszemin\u00e1ci\u00f3, tud\u00e1smegoszt\u00e1si tev\u00e9kenys\u00e9g. k\u00f6telez\u0151 nyilv\u00e1noss\u00e1g biztos\u00edt\u00e1sa.<\/em><\/p>\n<p style=\"font-weight: 400;\"><strong>S<\/strong><strong>z\u00e1ma: GINOP-5.1.4-17-2017-00021<\/strong><\/p>\n<p style=\"font-weight: 400;\">A projekt t\u00e9nyleges befejez\u00e9si d\u00e1tuma: 2020.02.29.<\/p>\n<p><a href=\"http:\/\/hid-miskolc.hu\/?attachment_id=406\" rel=\"attachment wp-att-406\"><img loading=\"lazy\" class=\"alignnone size-medium wp-image-406\" src=\"http:\/\/hid-miskolc.hu\/wp-content\/uploads\/2020\/04\/sz\u00e9chenyi-2020-300x199.jpg\" alt=\"\" width=\"300\" height=\"199\" srcset=\"http:\/\/hid-miskolc.hu\/wp-content\/uploads\/2020\/04\/sz\u00e9chenyi-2020-300x199.jpg 300w, http:\/\/hid-miskolc.hu\/wp-content\/uploads\/2020\/04\/sz\u00e9chenyi-2020.jpg 408w\" sizes=\"(max-width: 300px) 100vw, 300px\" \/><\/a><\/p>\n<p>&nbsp;<\/p>\n<p>&nbsp;<\/p>\n<p>&nbsp;<\/p>\n","protected":false},"excerpt":{"rendered":"<p>A kedvezm\u00e9nyezett neve: H\u00cdD Kult\u00far\u00e1k, Koroszt\u00e1lyok, K\u00f6z\u00f6ss\u00e9gek K\u00f6z\u00f6tt Egyes\u00fclet A projekt c\u00edme: H\u00cdD-Tranzit A szerz\u0151d\u00f6tt t\u00e1mogat\u00e1s \u00f6sszege: 66.394.998 Ft A t\u00e1mogat\u00e1s m\u00e9rt\u00e9ke (%-ban): 98,065 A projekt c\u00e9lja, hogy a tranzit foglakoztat\u00e1si projekt egyik jellegzetes eszk\u00f6z\u00e9vel a gyakorlatra alapozott, nem hagyom\u00e1nyos m\u00f3dszerekkel megval\u00f3s\u00edtott, foglalkoztat\u00e1shoz k\u00f6t\u00f6tt k\u00e9pz\u00e9st val\u00f3s\u00edtsunk meg, hogy azon c\u00e9lcsoport tagoknak, akik hagyom\u00e1nyos k\u00e9pz\u00e9s keret\u00e9ben [&hellip;]<\/p>\n","protected":false},"author":1,"featured_media":0,"parent":0,"menu_order":0,"comment_status":"closed","ping_status":"closed","template":"","meta":[],"_links":{"self":[{"href":"http:\/\/hid-miskolc.hu\/index.php?rest_route=\/wp\/v2\/pages\/409"}],"collection":[{"href":"http:\/\/hid-miskolc.hu\/index.php?rest_route=\/wp\/v2\/pages"}],"about":[{"href":"http:\/\/hid-miskolc.hu\/index.php?rest_route=\/wp\/v2\/types\/page"}],"author":[{"embeddable":true,"href":"http:\/\/hid-miskolc.hu\/index.php?rest_route=\/wp\/v2\/users\/1"}],"replies":[{"embeddable":true,"href":"http:\/\/hid-miskolc.hu\/index.php?rest_route=%2Fwp%2Fv2%2Fcomments&post=409"}],"version-history":[{"count":4,"href":"http:\/\/hid-miskolc.hu\/index.php?rest_route=\/wp\/v2\/pages\/409\/revisions"}],"predecessor-version":[{"id":415,"href":"http:\/\/hid-miskolc.hu\/index.php?rest_route=\/wp\/v2\/pages\/409\/revisions\/415"}],"wp:attachment":[{"href":"http:\/\/hid-miskolc.hu\/index.php?rest_route=%2Fwp%2Fv2%2Fmedia&parent=409"}],"curies":[{"name":"wp","href":"https:\/\/api.w.org\/{rel}","templated":true}]}}

Híd-Tranzit

<p style="font-weight: 400;">A kedvezményezett neve: HÍD Kultúrák, Korosztályok, Közösségek Között Egyesület</p>
<p style="font-weight: 400;">A projekt címe: HÍD-Tranzit</p>
<p style="font-weight: 400;">A szerződött támogatás összege: 66.394.998 Ft</p>
<p style="font-weight: 400;">A támogatás mértéke (%-ban): 98,065</p>
<p style="font-weight: 400;"><em>A projekt célja, hogy a tranzit foglakoztatási projekt egyik jellegzetes eszközével a gyakorlatra alapozott, nem hagyományos módszerekkel megvalósított, foglalkoztatáshoz kötött képzést valósítsunk meg, hogy azon célcsoport tagoknak, akik hagyományos képzés keretében nem voltak sikeresek, lehetőséget kapjanak. a szakképzettség és a munkatapasztalat megszerzésére, képessé váljanak a nyílt munkaerő- piacon való megjelenésre.</em></p>
<p style="font-weight: 400;"><em>A célcsoport nagy része Szikszó környékén élő,  inaktív, fiatal, hátrányos helyzetű, hosszabb ideje álláskereső vagy közfoglalkoztatásban lévő, akiket segíteni kell a munkára való alkalmasság elérésében. A projekt megvalósítás fejlődik a szervezet szolgáltatási módszertana, eszköztára, a helyi és országos szintű kapcsolatrendszere.A projekt a HÍD Egyesület és a  Szikszó Centrum Kft. konzorciumi partnerségében valósul meg.</em></p>
<p style="font-weight: 400;"><em>A Támogatást kérő Miskolcon, Abaújban, Zemplénben évek óta meghatározó munkaerő piaci szereplő: többféle hátrányos helyzetű célcsoporttal,több innovatív módszert bevezetve hajtott végre sikeres projekteket.</em></p>
<p style="font-weight: 400;"><em>A projekt 28 fő bevonásával, gyakorlatra alapozó és foglalkoztatásba épített  képzésével- 12 fő kőműves és 16 fő konyhai kisegítő -,majd támogatott foglalkoztatásával tervez.</em></p>
<p style="font-weight: 400;"><em>A projektben folyamatos a mentorálás,  egyéni és csoportos fejlesztésekkel a motiváció és a beilleszkedés segítése, a nyílt munkaerő piacra való felkészítés.</em></p>
<p style="font-weight: 400;"><em>Indikátoroknak a következőket határoztuk meg:</em></p>
<ul>
<li style="font-weight: 400;"><em> 28 fő bevonása, képzésbe helyezése</em></li>
<li style="font-weight: 400;"><em> legalább 23 fő OKJ-s képzettséget szerez</em></li>
<li style="font-weight: 400;"><em> legalább 23 fő a program zárásakor foglalkoztatásban van</em></li>
<li style="font-weight: 400;"><em> a támogatott foglalkoztatás után lehetőleg minél többen támogatás nélküli foglalkoztatásba kerülnek</em></li>
</ul>
<p style="font-weight: 400;"><em>Az alábbi tevékenységek tervezését a felhívás céljai, a meghatározott tevékenységei, a célcsoport szükséglete és a helyi munkaerő piaci igény alapozta meg.</em></p>
<p style="font-weight: 400;"><em>Célcsoport képzésével összefüggő tevékenységek:  képességfelmérés; felmérés eredménye alapján egyéni fejlesztési terv készítése ,képzés-szervezői feladatok ellátása; képzések megvalósítása, biztosítása, beszerzése: kőműves és konyhai kisegítő  szakmában  a szakképzéshez kapcsolódó gyakorlati elemek megvalósításához, kapcsolattartás a képzést lebonyolító intézménnyel és gyakorlati helyet biztosító vállalkozással; a program keretében támogatott képzésekhez gyakorlati képzőhely biztosítása; a foglalkozás-egészségügyi és képzési alkalmassági vizsgálatok biztosítása;  felkészítés az önálló élet és a munkavállalói szerep összehangolására, az ehhez szükséges társas kompetenciák fejlesztése egyéni vagy csoportos foglalkozások keretében;a célcsoport képzésre való utazási költségeinek megtérítése, vagy az utazás; megszervezése;megélhetési támogatás biztosítása.</em></p>
<p style="font-weight: 400;"><em>Célcsoporthoz foglalkozatását, képzését elősegítő szolgáltatások: célcsoport támogatása a képzésben tartás elősegítésére pszicho-szociális és egyéb támogató szolgáltatások nyújtásával, személyre szabott munkaerő-piaci szolgáltatások nyújtása a 2. sz. szakmai mellékletben</em></p>
<p style="font-weight: 400;"><em>Nyílt munkaerő-piaci elhelyezkedés támogatása és utógondozás a célcsoport számára:</em></p>
<ul>
<li style="font-weight: 400;"><em> az álláskereséshez, ill. munkakörnyezetbe való beilleszkedéshez felkészítő tanácsadás;</em></li>
<li style="font-weight: 400;"><em> célcsoport nyílt munkaerő-piaci elhelyezkedésének, önfoglalkoztatóvá válásának elősegítése célcsoporttag foglalkoztatása megkezdéséhez szükséges eszközök beszerzése;</em></li>
<li style="font-weight: 400;"><em> célcsoporttagok foglalkoztatása;</em></li>
<li style="font-weight: 400;"><em> munkába járás támogatása/biztosítása;</em></li>
<li style="font-weight: 400;"><em> szükség esetén átmeneti lakhatás támogatása/biztosítása legfeljebb az elhelyezkedést követő 12 hónapig;</em></li>
<li style="font-weight: 400;"><em> munkahelyi beilleszkedésének segítése, munkahely megtartásának elősegítése  támogató szolgáltatások nyújtásával.</em></li>
</ul>
<p style="font-weight: 400;"><em>Szakmai megvalósítással összefüggő kötelező tevékenységek: képzésszervező ,  gyakorlati képzést vezető szakoktató, műhelyvezető biztosítása;  2 fő mentor foglalkozatása, munkáltatói fórumok szervezése.</em></p>
<p style="font-weight: 400;"><em>Disszemináció, tudásmegosztási tevékenység. kötelező nyilvánosság biztosítása.</em></p>
<p style="font-weight: 400;"><strong>S</strong><strong>záma: GINOP-5.1.4-17-2017-00021</strong></p>
<p style="font-weight: 400;">A projekt tényleges befejezési dátuma: 2020.02.29.</p>
<p><a href="http://hid-miskolc.hu/?attachment_id=406" rel="attachment wp-att-406"><img loading="lazy" class="alignnone size-medium wp-image-406" src="http://hid-miskolc.hu/wp-content/uploads/2020/04/széchenyi-2020-300x199.jpg" alt="" width="300" height="199" srcset="http://hid-miskolc.hu/wp-content/uploads/2020/04/széchenyi-2020-300x199.jpg 300w, http://hid-miskolc.hu/wp-content/uploads/2020/04/széchenyi-2020.jpg 408w" sizes="(max-width: 300px) 100vw, 300px" /></a></p>
<p>&nbsp;</p>
<p>&nbsp;</p>
<p>&nbsp;</p>

<p>A kedvezményezett neve: HÍD Kultúrák, Korosztályok, Közösségek Között Egyesület A projekt címe: HÍD-Tranzit A szerződött támogatás összege: 66.394.998 Ft A támogatás mértéke (%-ban): 98,065 A projekt célja, hogy a tranzit foglakoztatási projekt egyik jellegzetes eszközével a gyakorlatra alapozott, nem hagyományos módszerekkel megvalósított, foglalkoztatáshoz kötött képzést valósítsunk meg, hogy azon célcsoport tagoknak, akik hagyományos képzés keretében [&hellip;]</p>
